{"id":5,"date":"2025-08-18T23:51:58","date_gmt":"2025-08-18T14:51:58","guid":{"rendered":"https:\/\/sunny-webdesign.com\/?page_id=5"},"modified":"2025-08-22T01:03:46","modified_gmt":"2025-08-21T16:03:46","slug":"home","status":"publish","type":"page","link":"https:\/\/sunny-webdesign.com\/","title":{"rendered":"HOME\u3000\u3000"},"content":{"rendered":"\n<div style=\"height:50px\" aria-hidden=\"true\" class=\"wp-block-spacer\"><\/div>\n\n\n\n<h2 class=\"wp-block-heading has-text-align-center is-style-vk-heading-both_ends\" id=\"service\"><span class=\"vk-heading__text-wrapper\">\u30b5\u30fc\u30d3\u30b9\u5185\u5bb9<\/span><\/h2>\n\n\n\n<div class=\"wp-block-columns is-layout-flex wp-container-core-columns-is-layout-79832dff wp-block-columns-is-layout-flex\" style=\"margin-bottom:var(--wp--preset--spacing--60)\">\n<div class=\"wp-block-column is-layout-flow wp-block-column-is-layout-flow\">\n<figure class=\"wp-block-image size-full\"><img decoding=\"async\" src=\"https:\/\/sunny-webdesign.com\/wp-content\/uploads\/2025\/08\/\u30a2\u30fc\u30c8\u30dc\u30fc\u30c9-1-1.png\" alt=\"\" class=\"wp-image-47\"\/><\/figure>\n\n\n\n<h5 class=\"wp-block-heading has-text-align-center\" id=\"vk-blocks\" style=\"margin-top:1.5rem;margin-bottom:1rem\">Web\u30b5\u30a4\u30c8\u5236\u4f5c<\/h5>\n\n\n\n<p>\u4f01\u696d\u3084\u304a\u5e97\u306e\u9b45\u529b\u3092\u308f\u304b\u308a\u3084\u3059\u304f\u4f1d\u3048\u308b\u30b3\u30fc\u30dd\u30ec\u30fc\u30c8\u30b5\u30a4\u30c8\u3084\u3001\u500b\u4eba\u5411\u3051\u306e\u30dd\u30fc\u30c8\u30d5\u30a9\u30ea\u30aa\u30b5\u30a4\u30c8\u306a\u3069\u3092\u5236\u4f5c\u3057\u307e\u3059\u3002\u30b9\u30de\u30db\u5bfe\u5fdc\u3084WordPress\u306b\u3088\u308b\u66f4\u65b0\u306e\u3057\u3084\u3059\u3055\u3082\u8003\u616e\u3057\u3001\u5b89\u5fc3\u3057\u3066\u9577\u304f\u4f7f\u3048\u308bWeb\u30b5\u30a4\u30c8\u3092\u3054\u63d0\u6848\u3057\u307e\u3059\u3002<\/p>\n<\/div>\n\n\n\n<div class=\"wp-block-column is-layout-flow wp-block-column-is-layout-flow\">\n<figure class=\"wp-block-image size-full\"><img decoding=\"async\" src=\"https:\/\/sunny-webdesign.com\/wp-content\/uploads\/2025\/08\/\u30a2\u30fc\u30c8\u30dc\u30fc\u30c9-1-\u306e\u30b3\u30d4\u30fc.png\" alt=\"\" class=\"wp-image-40\"\/><\/figure>\n\n\n\n<h5 class=\"wp-block-heading has-text-align-center\" id=\"vk-blocks\" style=\"margin-top:1.5rem;margin-bottom:1rem\">LP\u5236\u4f5c<\/h5>\n\n\n\n<p>\u5546\u54c1\u3084\u30b5\u30fc\u30d3\u30b9\u306e\u9b45\u529b\u3092\u6574\u7406\u3057\u3001\u30e6\u30fc\u30b6\u30fc\u306e\u884c\u52d5\u306b\u3064\u306a\u304c\u308b1\u30da\u30fc\u30b8\u5b8c\u7d50\u578b\u306e\u30e9\u30f3\u30c7\u30a3\u30f3\u30b0\u30da\u30fc\u30b8\u3092\u5236\u4f5c\u3057\u307e\u3059\u3002\u69cb\u6210\u304b\u3089\u30c7\u30b6\u30a4\u30f3\u307e\u3067\u4e01\u5be7\u306b\u30b5\u30dd\u30fc\u30c8\u3057\u3001\u30ad\u30e3\u30f3\u30da\u30fc\u30f3\u3084\u96c6\u5ba2\u306e\u6210\u679c\u3092\u9ad8\u3081\u308b\u30da\u30fc\u30b8\u3092\u4e00\u7dd2\u306b\u5f62\u306b\u3057\u307e\u3059\u3002<\/p>\n<\/div>\n\n\n\n<div class=\"wp-block-column is-layout-flow wp-block-column-is-layout-flow\">\n<figure class=\"wp-block-image size-full\"><img decoding=\"async\" src=\"https:\/\/sunny-webdesign.com\/wp-content\/uploads\/2025\/08\/\u30a2\u30fc\u30c8\u30dc\u30fc\u30c9-1-\u306e\u30b3\u30d4\u30fc-2.png\" alt=\"\" class=\"wp-image-39\"\/><\/figure>\n\n\n\n<h5 class=\"wp-block-heading has-text-align-center\" id=\"vk-blocks\" style=\"margin-top:1.5rem;margin-bottom:1rem\">\u30d0\u30ca\u30fc\u30fbSNS\u7528\u753b\u50cf\u5236\u4f5c<\/h5>\n\n\n\n<p>\u5e83\u544a\u30d0\u30ca\u30fc\u3084Instagram\u30fbFacebook\u6295\u7a3f\u7528\u306e\u753b\u50cf\u3001\u30d6\u30ed\u30b0\u306e\u30a2\u30a4\u30ad\u30e3\u30c3\u30c1\u306a\u3069\u3092\u5236\u4f5c\u3057\u307e\u3059\u3002\u30d6\u30e9\u30f3\u30c9\u306e\u4e16\u754c\u89b3\u306b\u5408\u308f\u305b\u3064\u3064\u3001\u30d1\u30c3\u3068\u76ee\u3092\u5f15\u304d\u3001\u601d\u308f\u305a\u30af\u30ea\u30c3\u30af\u3084\u30b7\u30a7\u30a2\u3057\u305f\u304f\u306a\u308b\u30c7\u30b6\u30a4\u30f3\u3092\u5fc3\u304c\u3051\u3066\u3044\u307e\u3059\u3002<\/p>\n<\/div>\n<\/div>\n\n\n\n<div style=\"height:50px\" aria-hidden=\"true\" class=\"wp-block-spacer\"><\/div>\n\n\n\n<div class=\"wp-block-cover alignfull is-light\" style=\"padding-top:var(--wp--preset--spacing--60);padding-bottom:var(--wp--preset--spacing--60);min-height:250px;aspect-ratio:unset;\" id=\"profile\"><span aria-hidden=\"true\" class=\"wp-block-cover__background has-background-dim-100 has-background-dim\" style=\"background-color:#f3f3f3\"><\/span><div class=\"wp-block-cover__inner-container is-layout-flow wp-block-cover-is-layout-flow\">\n<div class=\"wp-block-columns are-vertically-aligned-center is-layout-flex wp-container-core-columns-is-layout-cbe57604 wp-block-columns-is-layout-flex\">\n<div class=\"wp-block-column is-vertically-aligned-center is-layout-flow wp-block-column-is-layout-flow\" style=\"flex-basis:33.33%\">\n<figure class=\"wp-block-image aligncenter size-full\"><img loading=\"lazy\" decoding=\"async\" width=\"1367\" height=\"2048\" src=\"https:\/\/sunny-webdesign.com\/wp-content\/uploads\/2025\/08\/IMG_3584.jpg\" alt=\"\" class=\"wp-image-135\" srcset=\"https:\/\/sunny-webdesign.com\/wp-content\/uploads\/2025\/08\/IMG_3584.jpg 1367w, https:\/\/sunny-webdesign.com\/wp-content\/uploads\/2025\/08\/IMG_3584-200x300.jpg 200w, https:\/\/sunny-webdesign.com\/wp-content\/uploads\/2025\/08\/IMG_3584-684x1024.jpg 684w, https:\/\/sunny-webdesign.com\/wp-content\/uploads\/2025\/08\/IMG_3584-768x1151.jpg 768w, https:\/\/sunny-webdesign.com\/wp-content\/uploads\/2025\/08\/IMG_3584-1025x1536.jpg 1025w\" sizes=\"auto, (max-width: 1367px) 100vw, 1367px\" \/><\/figure>\n<\/div>\n\n\n\n<div class=\"wp-block-column is-vertically-aligned-center is-layout-flow wp-block-column-is-layout-flow\" style=\"flex-basis:66.66%\">\n<h3 class=\"wp-block-heading has-text-align-left is-style-default\">\u5d0e\u5143 \u91cc\u5b9f\u3000(Satomi Sakimoto\uff09<\/h3>\n\n\n\n<p class=\"has-black-color has-text-color\">\u73fe\u5728\u306f\u30a2\u30d5\u30ea\u30ab\u30fb\u30ac\u30dc\u30f3\u5171\u548c\u56fd\u306b\u5728\u4f4f\u3057\u306a\u304c\u3089\u3001\u30d0\u30ca\u30fc\u3092\u4e2d\u5fc3\u3068\u3057\u305fWeb\u30c7\u30b6\u30a4\u30f3\u306e\u5236\u4f5c\u3092\u884c\u3063\u3066\u3044\u307e\u3059\u3002 \u3061\u3087\u3063\u3068\u73cd\u3057\u3044\u5834\u6240\u306b\u3044\u307e\u3059\u304c\u3001\u8ddd\u96e2\u306f\u96e2\u308c\u3066\u3044\u3066\u3082\u3001\u5fc3\u5730\u3088\u3044\u3084\u308a\u53d6\u308a\u3068\u4e01\u5be7\u306a\u4ed5\u4e8b\u3092\u304a\u5c4a\u3051\u3057\u307e\u3059\u3002 \u307e\u305f\u3001\u6642\u5dee\u3092\u6d3b\u304b\u3057\u305f\u67d4\u8edf\u304b\u3064\u30b9\u30d4\u30fc\u30c7\u30a3\u306a\u5bfe\u5fdc\uff08\u7fcc\u671d\u306b\u306f\u5f62\u306b\u3057\u3066\u304a\u8fd4\u3057\u3059\u308b\u3053\u3068\u3082\uff01\uff09\u3067\u3001\u5b89\u5fc3\u3057\u3066\u3054\u4f9d\u983c\u3044\u305f\u3060\u3051\u308b\u74b0\u5883\u3092\u5fc3\u304c\u3051\u3066\u3044\u307e\u3059\u3002<\/p>\n\n\n\n<p>\u3010\u7d4c\u6b74\u3001\u5f97\u610f\u5206\u91ce\u3011<br> \u30fb2016\u301c2018\u5e74\uff1a\u6c42\u4eba\u30b5\u30a4\u30c8\u904b\u55b6\u4f1a\u793e\u306b\u3066\u3001\u6cd5\u4eba\u55b6\u696d\u3092\u62c5\u5f53 <br>\u30fb2018\u301c2021\u5e74\uff1aNPO\u6cd5\u4eba\u306b\u3066\u3001\u6d77\u5916\u30d7\u30ed\u30b8\u30a7\u30af\u30c8\u7ba1\u7406<br>\u30fb\u5e83\u5831\u30fb\u4f1a\u8a08\u3092\u62c5\u5f53 \u30fb2021\u301c2024\u5e74\uff1a\u72ec\u7acb\u884c\u653f\u6cd5\u4eba\u306b\u3066\u3001ODA\uff08\u653f\u5e9c\u958b\u767a\u63f4\u52a9\uff09\u4e8b\u696d\u7ba1\u7406\u3092\u62c5\u5f53 <br>\u30fb2024\u5e7412\u6708\uff1a\u592b\u306e\u8ee2\u52e4\u306b\u5e2f\u540c\u3057\u3001\u30a2\u30d5\u30ea\u30ab\u30fb\u30ac\u30dc\u30f3\u5171\u548c\u56fd\u3078\u79fb\u4f4f <\/p>\n\n\n\n<p>\u6c11\u9593\u30fbNPO\u30fb\u884c\u653f\u3068\u3044\u3046\u7570\u306a\u308b\u7acb\u5834\u3067\u50cd\u3044\u305f\u7d4c\u9a13\u304b\u3089\u3001\u300c\u884c\u653f\u300d\u300c\u6c11\u9593\u300d\u300c\u5e02\u6c11\u793e\u4f1a\u300d\u306a\u3069\u591a\u69d8\u306a\u8996\u70b9\u3067\u7269\u4e8b\u3092\u3068\u3089\u3048\u3089\u308c\u308b\u67d4\u8edf\u3055\u3092\u8eab\u306b\u3064\u3051\u307e\u3057\u305f\u3002 \u305d\u306e\u8996\u70b9\u3092\u6d3b\u304b\u3057\u3066\u3001\u898b\u308b\u4eba\u30fb\u4f1d\u3048\u308b\u5074\u30fb\u53d7\u3051\u53d6\u308b\u5074\u306e\u6c17\u6301\u3061\u3092\u60f3\u50cf\u3057\u306a\u304c\u3089\u3001\u4e00\u65b9\u901a\u884c\u3067\u306f\u306a\u3044\u201c\u4f1d\u308f\u308b\u201d\u30c7\u30b6\u30a4\u30f3\u3092\u76ee\u6307\u3057\u3066\u3044\u307e\u3059\u3002 <\/p>\n\n\n\n<p>\u8ddd\u96e2\u306f\u96e2\u308c\u3066\u3044\u3066\u3082\u3001\u5fc3\u306e\u901a\u3063\u305f\u3084\u308a\u53d6\u308a\u3068\u3001\u4e01\u5be7\u3067\u8aa0\u5b9f\u306a\u30c7\u30b6\u30a4\u30f3\u5236\u4f5c\u3092\u5927\u5207\u306b\u3057\u3066\u3044\u307e\u3059\u3002 \u3042\u306a\u305f\u306e\u60f3\u3044\u3084\u9b45\u529b\u304c\u3001\u304d\u3061\u3093\u3068\u5c4a\u304f\u30c7\u30b6\u30a4\u30f3\u3092\u4e00\u7dd2\u306b\u3064\u304f\u3063\u3066\u3044\u3051\u305f\u3089\u5b09\u3057\u3044\u3067\u3059\u3002<\/p>\n<\/div>\n<\/div>\n<\/div><\/div>\n\n\n\n<div style=\"height:100px\" aria-hidden=\"true\" class=\"wp-block-spacer\"><\/div>\n\n\n\n<h2 class=\"wp-block-heading is-style-vk-heading-both_ends\" id=\"works\"><span class=\"vk-heading__text-wrapper\">\u5236\u4f5c\u5b9f\u7e3e<\/span><\/h2>\n\n\n<ul class=\"wp-block-latest-posts__list is-grid columns-3 wp-block-latest-posts\"><li><div class=\"wp-block-latest-posts__featured-image\"><a href=\"https:\/\/sunny-webdesign.com\/?p=93\" aria-label=\"Web\u30c7\u30b6\u30a4\u30f35\u65e5\u9593\u30c1\u30e3\u30ec\u30f3\u30b8LP\"><img loading=\"lazy\" decoding=\"async\" width=\"1024\" height=\"538\" src=\"https:\/\/sunny-webdesign.com\/wp-content\/uploads\/2025\/08\/\u30a2\u30fc\u30c8\u30dc\u30fc\u30c9-3-1024x538.png\" class=\"attachment-large size-large wp-post-image\" alt=\"\" style=\"\" srcset=\"https:\/\/sunny-webdesign.com\/wp-content\/uploads\/2025\/08\/\u30a2\u30fc\u30c8\u30dc\u30fc\u30c9-3-1024x538.png 1024w, https:\/\/sunny-webdesign.com\/wp-content\/uploads\/2025\/08\/\u30a2\u30fc\u30c8\u30dc\u30fc\u30c9-3-300x158.png 300w, https:\/\/sunny-webdesign.com\/wp-content\/uploads\/2025\/08\/\u30a2\u30fc\u30c8\u30dc\u30fc\u30c9-3-768x403.png 768w, https:\/\/sunny-webdesign.com\/wp-content\/uploads\/2025\/08\/\u30a2\u30fc\u30c8\u30dc\u30fc\u30c9-3.png 1200w\" sizes=\"auto, (max-width: 1024px) 100vw, 1024px\" \/><\/a><\/div><a class=\"wp-block-latest-posts__post-title\" href=\"https:\/\/sunny-webdesign.com\/?p=93\">Web\u30c7\u30b6\u30a4\u30f35\u65e5\u9593\u30c1\u30e3\u30ec\u30f3\u30b8LP<\/a><\/li>\n<li><div class=\"wp-block-latest-posts__featured-image\"><a href=\"https:\/\/sunny-webdesign.com\/?p=91\" aria-label=\"\u30b4\u30eb\u30d5\u30b9\u30af\u30fc\u30ebLP\"><img loading=\"lazy\" decoding=\"async\" width=\"1024\" height=\"538\" src=\"https:\/\/sunny-webdesign.com\/wp-content\/uploads\/2025\/08\/\u30a2\u30fc\u30c8\u30dc\u30fc\u30c9-4-1024x538.png\" class=\"attachment-large size-large wp-post-image\" alt=\"\" style=\"\" srcset=\"https:\/\/sunny-webdesign.com\/wp-content\/uploads\/2025\/08\/\u30a2\u30fc\u30c8\u30dc\u30fc\u30c9-4-1024x538.png 1024w, https:\/\/sunny-webdesign.com\/wp-content\/uploads\/2025\/08\/\u30a2\u30fc\u30c8\u30dc\u30fc\u30c9-4-300x158.png 300w, https:\/\/sunny-webdesign.com\/wp-content\/uploads\/2025\/08\/\u30a2\u30fc\u30c8\u30dc\u30fc\u30c9-4-768x403.png 768w, https:\/\/sunny-webdesign.com\/wp-content\/uploads\/2025\/08\/\u30a2\u30fc\u30c8\u30dc\u30fc\u30c9-4.png 1200w\" sizes=\"auto, (max-width: 1024px) 100vw, 1024px\" \/><\/a><\/div><a class=\"wp-block-latest-posts__post-title\" href=\"https:\/\/sunny-webdesign.com\/?p=91\">\u30b4\u30eb\u30d5\u30b9\u30af\u30fc\u30ebLP<\/a><\/li>\n<li><div class=\"wp-block-latest-posts__featured-image\"><a href=\"https:\/\/sunny-webdesign.com\/?p=84\" aria-label=\"\u3086\u304c\u307f\u77ef\u6b63\u30a4\u30f3\u30bd\u30fc\u30eb\u30d0\u30ca\u30fc\"><img loading=\"lazy\" decoding=\"async\" width=\"1024\" height=\"538\" src=\"https:\/\/sunny-webdesign.com\/wp-content\/uploads\/2025\/08\/\u30a2\u30fc\u30c8\u30dc\u30fc\u30c9-1-\u306e\u30b3\u30d4\u30fc-1-1024x538.png\" class=\"attachment-large size-large wp-post-image\" alt=\"\" style=\"\" srcset=\"https:\/\/sunny-webdesign.com\/wp-content\/uploads\/2025\/08\/\u30a2\u30fc\u30c8\u30dc\u30fc\u30c9-1-\u306e\u30b3\u30d4\u30fc-1-1024x538.png 1024w, https:\/\/sunny-webdesign.com\/wp-content\/uploads\/2025\/08\/\u30a2\u30fc\u30c8\u30dc\u30fc\u30c9-1-\u306e\u30b3\u30d4\u30fc-1-300x158.png 300w, https:\/\/sunny-webdesign.com\/wp-content\/uploads\/2025\/08\/\u30a2\u30fc\u30c8\u30dc\u30fc\u30c9-1-\u306e\u30b3\u30d4\u30fc-1-768x403.png 768w, https:\/\/sunny-webdesign.com\/wp-content\/uploads\/2025\/08\/\u30a2\u30fc\u30c8\u30dc\u30fc\u30c9-1-\u306e\u30b3\u30d4\u30fc-1.png 1200w\" sizes=\"auto, (max-width: 1024px) 100vw, 1024px\" \/><\/a><\/div><a class=\"wp-block-latest-posts__post-title\" href=\"https:\/\/sunny-webdesign.com\/?p=84\">\u3086\u304c\u307f\u77ef\u6b63\u30a4\u30f3\u30bd\u30fc\u30eb\u30d0\u30ca\u30fc<\/a><\/li>\n<li><div class=\"wp-block-latest-posts__featured-image\"><a href=\"https:\/\/sunny-webdesign.com\/?p=67\" aria-label=\"Web\u30c7\u30b6\u30a4\u30f35\u65e5\u9593\u30c1\u30e3\u30ec\u30f3\u30b8\u30d0\u30ca\u30fc\"><img loading=\"lazy\" decoding=\"async\" width=\"1024\" height=\"538\" src=\"https:\/\/sunny-webdesign.com\/wp-content\/uploads\/2025\/08\/\u30a2\u30fc\u30c8\u30dc\u30fc\u30c9-1-2-1024x538.png\" class=\"attachment-large size-large wp-post-image\" alt=\"\" style=\"\" srcset=\"https:\/\/sunny-webdesign.com\/wp-content\/uploads\/2025\/08\/\u30a2\u30fc\u30c8\u30dc\u30fc\u30c9-1-2-1024x538.png 1024w, https:\/\/sunny-webdesign.com\/wp-content\/uploads\/2025\/08\/\u30a2\u30fc\u30c8\u30dc\u30fc\u30c9-1-2-300x158.png 300w, https:\/\/sunny-webdesign.com\/wp-content\/uploads\/2025\/08\/\u30a2\u30fc\u30c8\u30dc\u30fc\u30c9-1-2-768x403.png 768w, https:\/\/sunny-webdesign.com\/wp-content\/uploads\/2025\/08\/\u30a2\u30fc\u30c8\u30dc\u30fc\u30c9-1-2.png 1200w\" sizes=\"auto, (max-width: 1024px) 100vw, 1024px\" \/><\/a><\/div><a class=\"wp-block-latest-posts__post-title\" href=\"https:\/\/sunny-webdesign.com\/?p=67\">Web\u30c7\u30b6\u30a4\u30f35\u65e5\u9593\u30c1\u30e3\u30ec\u30f3\u30b8\u30d0\u30ca\u30fc<\/a><\/li>\n<li><div class=\"wp-block-latest-posts__featured-image\"><a href=\"https:\/\/sunny-webdesign.com\/?p=60\" aria-label=\"\u7af6\u58f2\u4e0d\u52d5\u7523\u30d0\u30ca\u30fc\"><img loading=\"lazy\" decoding=\"async\" width=\"1024\" height=\"538\" src=\"https:\/\/sunny-webdesign.com\/wp-content\/uploads\/2025\/08\/\u30a2\u30fc\u30c8\u30dc\u30fc\u30c9-2-1024x538.png\" class=\"attachment-large size-large wp-post-image\" alt=\"\" style=\"\" srcset=\"https:\/\/sunny-webdesign.com\/wp-content\/uploads\/2025\/08\/\u30a2\u30fc\u30c8\u30dc\u30fc\u30c9-2-1024x538.png 1024w, https:\/\/sunny-webdesign.com\/wp-content\/uploads\/2025\/08\/\u30a2\u30fc\u30c8\u30dc\u30fc\u30c9-2-300x158.png 300w, https:\/\/sunny-webdesign.com\/wp-content\/uploads\/2025\/08\/\u30a2\u30fc\u30c8\u30dc\u30fc\u30c9-2-768x403.png 768w, https:\/\/sunny-webdesign.com\/wp-content\/uploads\/2025\/08\/\u30a2\u30fc\u30c8\u30dc\u30fc\u30c9-2.png 1200w\" sizes=\"auto, (max-width: 1024px) 100vw, 1024px\" \/><\/a><\/div><a class=\"wp-block-latest-posts__post-title\" href=\"https:\/\/sunny-webdesign.com\/?p=60\">\u7af6\u58f2\u4e0d\u52d5\u7523\u30d0\u30ca\u30fc<\/a><\/li>\n<\/ul>\n\n\n<div style=\"height:100px\" aria-hidden=\"true\" class=\"wp-block-spacer\"><\/div>\n\n\n\n<h2 class=\"wp-block-heading is-style-vk-heading-both_ends\" id=\"contact\"><span class=\"vk-heading__text-wrapper\">\u304a\u554f\u3044\u5408\u308f\u305b<\/span><\/h2>\n\n\n\n<div class=\"wp-block-contact-form-7-contact-form-selector\">\n<div class=\"wpcf7 no-js\" id=\"wpcf7-f75-o1\" lang=\"ja\" dir=\"ltr\" data-wpcf7-id=\"75\">\n<div class=\"screen-reader-response\"><p role=\"status\" aria-live=\"polite\" aria-atomic=\"true\"><\/p> <ul><\/ul><\/div>\n<form action=\"\/index.php?rest_route=%2Fwp%2Fv2%2Fpages%2F5#wpcf7-f75-o1\" method=\"post\" class=\"wpcf7-form init\" aria-label=\"\u30b3\u30f3\u30bf\u30af\u30c8\u30d5\u30a9\u30fc\u30e0\" novalidate=\"novalidate\" data-status=\"init\">\n<fieldset class=\"hidden-fields-container\"><input type=\"hidden\" name=\"_wpcf7\" value=\"75\" \/><input type=\"hidden\" name=\"_wpcf7_version\" value=\"6.1.2\" \/><input type=\"hidden\" name=\"_wpcf7_locale\" value=\"ja\" \/><input type=\"hidden\" name=\"_wpcf7_unit_tag\" value=\"wpcf7-f75-o1\" \/><input type=\"hidden\" name=\"_wpcf7_container_post\" value=\"0\" \/><input type=\"hidden\" name=\"_wpcf7_posted_data_hash\" value=\"\" \/>\n<\/fieldset>\n<table class=\"CF7_table\">\n\t<tr>\n\t\t<th>\n\t\t\t<p><span class=\"CF7_req\">\u5fc5\u9808<\/span> \u3054\u76f8\u8ac7\u5185\u5bb9\n\t\t\t<\/p>\n\t\t<\/th>\n\t\t<td>\n\t\t\t<p><span class=\"wpcf7-form-control-wrap\" data-name=\"checkbox-inq\"><span class=\"wpcf7-form-control wpcf7-checkbox wpcf7-validates-as-required\"><span class=\"wpcf7-list-item first\"><input type=\"checkbox\" name=\"checkbox-inq[]\" value=\"\u3054\u76f8\u8ac7\" \/><span class=\"wpcf7-list-item-label\">\u3054\u76f8\u8ac7<\/span><\/span><span class=\"wpcf7-list-item last\"><input type=\"checkbox\" name=\"checkbox-inq[]\" value=\"\u304a\u898b\u7a4d\u3082\u308a\" \/><span class=\"wpcf7-list-item-label\">\u304a\u898b\u7a4d\u3082\u308a<\/span><\/span><\/span><\/span>\n\t\t\t<\/p>\n\t\t<\/td>\n\t<\/tr>\n\t<tr>\n\t\t<th>\n\t\t\t<p><span class=\"CF7_req\">\u5fc5\u9808<\/span> \u304a\u540d\u524d\n\t\t\t<\/p>\n\t\t<\/th>\n\t\t<td>\n\t\t\t<p><span class=\"wpcf7-form-control-wrap\" data-name=\"your-name\"><input size=\"40\" maxlength=\"400\" class=\"wpcf7-form-control wpcf7-text wpcf7-validates-as-required\" aria-required=\"true\" aria-invalid=\"false\" placeholder=\"\u4f8b\uff1a\u3042\u306a\u305f\u306e\u304a\u540d\u524d\" value=\"\" type=\"text\" name=\"your-name\" \/><\/span>\n\t\t\t<\/p>\n\t\t<\/td>\n\t<\/tr>\n\t<tr>\n\t\t<th>\n\t\t\t<p><span class=\"CF7_req\">\u5fc5\u9808<\/span> \u30e1\u30fc\u30eb\u30a2\u30c9\u30ec\u30b9\n\t\t\t<\/p>\n\t\t<\/th>\n\t\t<td>\n\t\t\t<p><span class=\"wpcf7-form-control-wrap\" data-name=\"your-email\"><input size=\"40\" maxlength=\"400\" class=\"wpcf7-form-control wpcf7-email wpcf7-validates-as-required wpcf7-text wpcf7-validates-as-email\" aria-required=\"true\" aria-invalid=\"false\" placeholder=\"\u4f8b\uff1a\u00d7\u00d7\u00d7@\u00d7\u00d7\u00d7.com\" value=\"\" type=\"email\" name=\"your-email\" \/><\/span>\n\t\t\t<\/p>\n\t\t<\/td>\n\t<\/tr>\n\t<tr>\n\t\t<th>\n\t\t\t<p><span class=\"CF7_req\">\u5fc5\u9808<\/span>\u30e1\u30c3\u30bb\u30fc\u30b8\u672c\u6587\n\t\t\t<\/p>\n\t\t<\/th>\n\t\t<td class=\"message-100\">\n\t\t\t<p><span class=\"wpcf7-form-control-wrap\" data-name=\"your-message\"><textarea cols=\"40\" rows=\"10\" maxlength=\"2000\" class=\"wpcf7-form-control wpcf7-textarea wpcf7-validates-as-required\" aria-required=\"true\" aria-invalid=\"false\" placeholder=\"\u304a\u554f\u3044\u5408\u308f\u305b\u5185\u5bb9\u3092\u3054\u8a18\u5165\u304f\u3060\u3055\u3044\" name=\"your-message\"><\/textarea><\/span>\n\t\t\t<\/p>\n\t\t<\/td>\n\t<\/tr>\n<\/table>\n<p class=\"CF7_btn\"><input class=\"wpcf7-form-control wpcf7-submit has-spinner\" type=\"submit\" value=\"\u9001\u4fe1\u3059\u308b\" \/>\n<\/p><div class=\"wpcf7-response-output\" aria-hidden=\"true\"><\/div>\n<\/form>\n<\/div>\n<\/div>\n","protected":false},"excerpt":{"rendered":"<p>\u30b5\u30fc\u30d3\u30b9\u5185\u5bb9 Web\u30b5\u30a4\u30c8\u5236\u4f5c \u4f01\u696d\u3084\u304a\u5e97\u306e\u9b45\u529b\u3092\u308f\u304b\u308a\u3084\u3059\u304f\u4f1d\u3048\u308b\u30b3\u30fc\u30dd\u30ec\u30fc\u30c8\u30b5\u30a4\u30c8\u3084\u3001\u500b\u4eba\u5411\u3051\u306e\u30dd\u30fc\u30c8\u30d5\u30a9\u30ea\u30aa\u30b5\u30a4\u30c8\u306a\u3069\u3092\u5236\u4f5c\u3057\u307e\u3059\u3002\u30b9\u30de\u30db\u5bfe\u5fdc\u3084WordPress\u306b\u3088\u308b\u66f4\u65b0\u306e\u3057\u3084\u3059\u3055\u3082\u8003\u616e\u3057\u3001\u5b89\u5fc3\u3057\u3066\u9577\u304f\u4f7f\u3048\u308bWe [&hellip;]<\/p>\n","protected":false},"author":1,"featured_media":0,"parent":0,"menu_order":0,"comment_status":"closed","ping_status":"closed","template":"","meta":{"vkexunit_cta_each_option":"","footnotes":""},"class_list":["post-5","page","type-page","status-publish","hentry"],"_links":{"self":[{"href":"https:\/\/sunny-webdesign.com\/index.php?rest_route=\/wp\/v2\/pages\/5","targetHints":{"allow":["GET"]}}],"collection":[{"href":"https:\/\/sunny-webdesign.com\/index.php?rest_route=\/wp\/v2\/pages"}],"about":[{"href":"https:\/\/sunny-webdesign.com\/index.php?rest_route=\/wp\/v2\/types\/page"}],"author":[{"embeddable":true,"href":"https:\/\/sunny-webdesign.com\/index.php?rest_route=\/wp\/v2\/users\/1"}],"replies":[{"embeddable":true,"href":"https:\/\/sunny-webdesign.com\/index.php?rest_route=%2Fwp%2Fv2%2Fcomments&post=5"}],"version-history":[{"count":28,"href":"https:\/\/sunny-webdesign.com\/index.php?rest_route=\/wp\/v2\/pages\/5\/revisions"}],"predecessor-version":[{"id":167,"href":"https:\/\/sunny-webdesign.com\/index.php?rest_route=\/wp\/v2\/pages\/5\/revisions\/167"}],"wp:attachment":[{"href":"https:\/\/sunny-webdesign.com\/index.php?rest_route=%2Fwp%2Fv2%2Fmedia&parent=5"}],"curies":[{"name":"wp","href":"https:\/\/api.w.org\/{rel}","templated":true}]}}